 by 68.
66
What is the remainder when 1676 is divided by 84?
80
What is the remainder when 728 is divided by 234?
26
Calculate the remainder when 86 is divided by 47.
39
What is the remainder when 243 is divided by 19?
15
What is the remainder when 1327 is divided by 133?
130
Calculate the remainder when 592 is divided by 194.
10
Calculate the remainder when 1695 is divided by 25.
20
What is the remainder when 219 is divided by 32?
27
Calculate the remainder when 215 is divided by 85.
45
Calculate the remainder when 474 is divided by 34.
32
Calculate the remainder when 270 is divided by 91.
88
What is the remainder when 734 is divided by 35?
34
What is the remainder when 271 is divided by 21?
19
Calculate the remainder when 858 is divided by 113.
67
Calculate the remainder when 603 is divided by 27.
9
Calculate the remainder when 758 is divided by 101.
51
Calculate the remainder when 4869 is divided by 2432.
5
What is the remainder when 1287 is divided by 325?
312
What is the remainder when 1835 is divided by 97?
89
Calculate the remainder when 320 is divided by 63.
5
What is the remainder when 503 is divided by 101?
99
Calculate the remainder when 169 is divided by 15.
4
Calculate the remainder when 143 is divided by 18.
17
What is the remainder when 298 is divided by 43?
40
What is the remainder when 262 is divided by 47?
27
Calculate the remainder when 1313 is divided by 33.
26
What is the remainder when 14 is divided by 9?
5
Calculate the remainder when 499 is divided by 41.
7
What is the remainder when 514 is divided by 18?
10
Calculate the remainder when 499 is divided by 28.
23
Calculate the remainder when 538 is divided by 54.
52
Calculate the remainder when 7532 is divided by 92.
80
Calculate the remainder when 225 is divided by 57.
54
What is the remainder when 2586 is divided by 35?
31
What is the remainder when 1985 is divided by 21?
11
Calculate the remainder when 206 is divided by 4.
2
Calculate the remainder when 1107 is divided by 428.
251
What is the remainder when 121 is divided by 69?
52
Calculate the remainder when 455 is divided by 39.
26
What is the remainder when 3305 is divided by 6?
5
What is the remainder when 248 is divided by 23?
18
What is the remainder when 10215 is divided by 28?
23
Calculate the remainder when 44 is divided by 12.
8
What is the remainder when 1386 is divided by 106?
8
Calculate the remainder when 765 is divided by 89.
53
What is the remainder when 1182 is divided by 116?
22
Calculate the remainder when 341 is divided by 8.
5
What is the remainder when 103 is divided by 43?
17
What is the remainder when 198 is divided by 10?
8
What is the remainder when 2321 is divided by 772?
5
Calculate the remainder when 76 is divided by 30.
16
Calculate the remainder when 181 is divided by 31.
26
Calculate the remainder when 695 is divided by 188.
131
Calculate the remainder when 3850 is divided by 107.
105
Calculate the remainder when 1852 is divided by 38.
28
Calculate the remainder when 420 is divided by 9.
6
What is the remainder when 699 is divided by 186?
141
Calculate the remainder when 1452 is divided by 112.
108
What is the remainder when 720 is divided by 246?
228
What is the remainder when 83 is divided by 21?
20
Calculate the remainder when 17814 is divided by 118.
114
What is the remainder when 1336 is divided by 44?
16
What is the remainder when 87 is divided by 9?
6
What is the remainder when 1024 is divided by 340?
4
Calculate the remainder when 6679 is divided by 17.
15
Calculate the remainder when 327 is divided by 22.
19
What is the remainder when 594 is divided by 50?
44
Calculate the remainder when 2261 is divided by 78.
77
What is the remainder when 1126 is divided by 224?
6
Calculate the remainder when 376 is divided by 18.
16
Calculate the remainder when 149 is divided by 6.
5
Calculate the remainder when 23 is divided by 12.
11
What is the remainder when 94 is divided by 28?
10
What is the remainder when 476 is divided by 68?
0
Calculate the remainder when 92 is divided by 6.
2
Calculate the remainder when 503 is divided by 53.
26
What is the remainder when 179 is divided by 30?
29
Calculate the remainder when 112 is divided by 43.
26
Calculate the remainder when 7241 is divided by 17.
16
Calculate the remainder when 344 is divided by 303.
41
What is the remainder when 1143 is divided by 26?
25
Calculate the remainder when 114 is divided by 29.
27
What is the remainder when 39 is divided by 20?
19
Calculate the remainder when 306 is divided by 39.
33
Calculate the remainder when 541 is divided by 34.
31
What is the remainder when 4161 is divided by 181?
179
What is the remainder when 403 is divided by 68?
63
What is the remainder when 154 is divided by 24?
10
Calculate the remainder when 3549 is divided by 50.
49
What is the remainder when 1489 is divided by 193?
138
Calculate the remainder when 196 is divided by 174.
22
What is the remainder when 371 is divided by 12?
11
Calculate the remainder when 156 is divided by 21.
9
What is the remainder when 128 is divided by 46?
36
What is the remainder when 807 is divided by 102?
93
Calculate the remainder when 226 is divided by 58.
52
Calculate the remainder when 59 is divided by 16.
11
What is the remainder when 125 is divided by 18?
17
Calculate the remainder when 432 is divided by 143.
3
Calculate the remainder when 70 is divided by 42.
28
What is the remainder when 655 is divided by 214?
13
Calculate the remainder when 5373 is divided by 6.
3
Calculate the remainder when 69 is divided by 54.
15
What is the remainder when 270 is divided by 22?
6
Calculate the remainder when 1867 is divided by 89.
87
Calculate the remainder when 418 is divided by 5.
3
What is the remainder when 1293 is divided by 17?
1
What is the remainder when 7343 is divided by 24?
23
Calculate the remainder when 78 is divided by 34.
10
Calculate the remainder when 135 is divided by 47.
41
Calculate the remainder when 5617 is divided by 2807.
3
What is the remainder when 167 is divided by 44?
35
Calculate the remainder when 1592 is divided by 18.
8
Calculate the remainder when 155 is divided by 16.
11
Calculate the remainder when 399 is divided by 25.
24
What is the remainder when 95 is divided by 35?
25
Calculate the remainder when 117 is divided by 82.
35
What is the remainder when 53 is divided by 12?
5
What is the remainder when 70 is divided by 17?
2
Calculate the remainder when 734 is divided by 11.
8
What is the remainder when 692 is divided by 7?
6
What is the remainder when 875 is divided by 273?
56
What is the remainder when 266 is divided by 26?
6
Calculate the remainder when 52 is divided by 31.
21
Calculate the remainder when 1580 is divided by 40.
20
What is the remainder when 425 is divided by 18?
11
Calculate the remainder when 1379 is divided by 406.
161
Calculate the remainder when 220 is divided by 28.
24
What is the remainder when 545 is divided by 38?
13
Calculate the remainder when 134 is divided by 23.
19
Calculate the remainder when 52 is divided by 9.
7
Calculate the remainder when 87 is divided by 8.
7
What is the remainder when 149 is divided by 8?
5
What is the remainder when 118 is divided by 32?
22
What is the remainder when 39127 is divided by 26?
23
Calculate the remainder when 51 is divided by 6.
3
What is the remainder when 594 is divided by 12?
6
Calculate the remainder when 565 is divided by 19.
14
What is the remainder when 1510 is divided by 89?
86
Calculate the remainder when 343 is divided by 116.
111
Calculate the remainder when 304 is divided by 31.
25
Calculate the remainder when 1627 is divided by 136.
131
Calculate the remainder when 663 is divided by 18.
15
Calculate the remainder when 158 is divided by 73.
12
What is the remainder when 4766 is divided by 36?
14
What is the remainder when 1118 is divided by 10?
8
Calculate the remainder when 10675 is divided by 2.
1
Calculate the remainder when 2285 is divided by 3.
2
Calculate the remainder when 159 is divided by 18.
15
What is the remainder when 1089 is divided by 54?
9
Calculate the remainder when 5897 is divided by 71.
4
Calculate the remainder when 1291 is divided by 39.
4
Calculate the remainder when 5128 is divided by 34.
28
Calculate the remainder when 2800 is